= 94958 + -56300. Suppose 0 = 4*u - 10*u + m. Suppose -3*c - 4*r = -u, -2685 = -2*c - 4*r + 1605. Is c composite?
False
Suppose -4*j + 3 = -1. Let w be j/4 - 19/76. Suppose w = -2*p - p + 4011. Is p a composite number?
True
Let k(o) = 470*o**3 + 11*o**2 - 17*o - 43. Is k(6) a prime number?
True
Let h be (((-3)/9 - -5) + -5)*1434. Is (-22 - h) + -6 + 1 prime?
False
Let f(z) = 47*z**2 - 17*z + 143. Let j(y) = -25*y - 41. Let w be j(-2). Is f(w) composite?
False
Let g(w) = 2*w**2 + 34*w + 19. Let q(l) = -l**2 - 17*l - 9. Let s(r) = 2*g(r) + 5*q(r). Let h be s(-16). Suppose -h*u + 15663 = -6954. Is u prime?
False
Let q(s) = 12*s + 2. Let a be q(1). Let f be (-192)/(-84) - (-4)/(-14). Is 39918/21 + f/a a composite number?
False
Let z(g) = -g**2 - 15*g + 7. Let c be z(-7). Suppose 32 = l + d - 31, l + 4*d = c. Let v = 80 + l. Is v a composite number?
True
Let m = 128198 + 2729. Is m prime?
True
Suppose 2307341 = 5*a + 2*x, 3*a - 155529 - 1228878 = -2*x. Is a a composite number?
False
Let x = 29826 - 57552. Is x/12*4/(-2) composite?
False
Let b(p) = -13*p**2 + 13*p + 32. Let s be b(-8). Let j = s - -2734. Let l = j - 371. Is l prime?
True
Is (4553538/165)/((-2)/(-10)) a prime number?
False
Let m(w) = 1693*w + 1901. Is m(20) composite?
True
Let h(a) = 12*a**2 + a + 8. Suppose -5*u = -2*t + 23, 0*t - 20 = 4*u - 2*t. Let f be (-4 - u) + (-1 - -2) + -3. Is h(f) a prime number?
True
Let i(y) = y + 1. Let r be i(4). Suppose r*c + 183 = p + c, 4*p - 762 = c. Let m = p + 606. Is m composite?
False
Let q(u) = 1313*u - 35. Let l be q(3). Suppose 0 = -3*c - 5*k + l, -3*c + 2561 = -c - 5*k. Is c a prime number?
False
Let z(s) = s**3 - 3*s**2 - 4*s - 3. Let n be z(-3). Let c(a) = 5*a**3 + 4*a**2 - 10*a + 5. Let b be c(3). Let q = b - n. Is q prime?
True
Let w be -2*(-10)/(-4) + 8. Is -12 - 408/(-36) - (-26663)/w composite?
False
Let d(l) = -l**2 - 15*l. Let q(j) = j**3 + 7*j**2 + 12*j + 21. Let f be q(-6). Let t be d(f). Suppose t = 3*z - 5*h - 857, -z = -5*z + 5*h + 1146. Is z prime?
False
Let k(d) = d**2 - d + 4792. Let h be k(0). Let f = -2736 + h. Suppose -2036 = -3*p - i, 0*p = -3*p - 5*i + f. Is p a composite number?
False
Is (0 - -1)/(14 + (-144151)/10297) a prime number?
True
Let v be (12/5)/((-6)/(-1340)). Let w = v + -343. Suppose w + 164 = 7*p. Is p a prime number?
False
Is -1 - -1 - -23402 - (-29 + 12 + 18) a prime number?
False
Let b = -49880 - -156403. Is b composite?
True
Suppose -2*s - s = -6*s. Let j(c) = -c**2 + 4*c - 773. Let b be j(s). Let t = b + 4318. Is t prime?
False
Suppose 4*f + 9 - 27 = -o, 5*o - 30 = -5*f. Suppose -o*w - 3*w - 4*x = -4665, 3*w + 4*x = 2807. Let t = w + -288. Is t composite?
False
Suppose -5*c = 3*p - 449828 - 1984, 451809 = 3*p + 4*c. Is p a composite number?
True
Let y(h) be the third derivative of -409*h**4/12 + 7*h**3/2 - 47*h**2. Is y(-1) composite?
False
Let f be (5/10 + 0 - 2)*-2. Suppose -2*g + 3486 = -f*u - 976, -5*u + 2257 = g. Is g a prime number?
True
Let w = 162 + -142. Is (-14)/(-3)*17310/w prime?
False
Suppose -5*d + 5 = 0, -5*d + 7*d = -p + 71140. Is p composite?
True
Is 11/(-44)*(2345308/(-21))/(1/3) a prime number?
True
Suppose 6*m + 49792 = 8410. Let n = 44 - m. Is n composite?
True
Suppose 2*p + d - 3*d = 0, 0 = -p + 5*d. Suppose 0 = -2*h + 3*q + 1529, h + 5*q - 84 - 700 = p. Is h composite?
False
Let q = -204 + 203. Let f(i) = 401*i**2 - 10*i + 2. Is f(q) a composite number?
True
Let q = 91 - 78. Suppose -3*f = -q - 2. Suppose 6038 = 7*k - f*k. Is k prime?
True
Let h(x) be the second derivative of 3*x**4/4 - 5*x**3/3 + 6*x**2 + x. Let d be -2*((-21)/2 + 8). Is h(d) composite?
True
Let m = 14 - 13. Let d(u) = 20*u**2 - 4*u - 3. Let s(o) = -20*o**2 + 5*o + 3. Let n(x) = 7*d(x) + 6*s(x). Is n(m) a prime number?
True
Suppose 3*z + 2*a + 0*a = 304, -309 = -3*z + 3*a. Suppose 984 = 6*o + z. Suppose 2*r = 4*v - 1030, -105 = -v - 5*r + o. Is v composite?
False
Suppose -5*b + 92 = -493. Let y be (-2 - ((-165)/(-11) - 11))/((-3)/(-86)). Let p = b - y. Is p a composite number?
True
Suppose 1288*o = 1254*o + 1296998. Is o a composite number?
True
Let y be 2 - 1/(1/(-4872)). Suppose -v + 9753 = 5*r, v - 2*r - 6674 = 3072. Suppose 5*h = 9*t - 7*t - y, 2*h + v = 4*t. Is t a prime number?
True
Suppose -3*u + 47 = -4*k, 4*u + 4*k + 5 = 5*u. Let z be (8 + (-44)/6)/(2/u). Suppose -4*y = 3 - z, -2*y = 3*m - 3275. Is m prime?
True
Let g(d) = -d**3 - 22*d**2 - 501*d - 137. Is g(-60) a composite number?
False
Let f(r) be the first derivative of -r**4/2 - r**3/3 - 9*r**2 + 4*r + 31. Let k be f(12). Is (-4)/(-3) + (k/3)/(-4) prime?
False
Suppose 133416 = 10*x + 26396. Is x/(8/3 - 6/9) prime?
True
Let k(i) = 2811*i**2 + i. Let p(t) = t**2 + 13*t + 1. Let l be p(-13). Let v be k(l). Let d = 4713 - v. Is d prime?
True
Suppose -37 = 12*y - 97. Suppose y*c = 4*c - 35. Is (-13206)/(-21) + (4 + -9)/c a prime number?
False
Let v(k) = k**2 + 3*k - 255. Suppose 0 = -10*u - 4*u - 0*u. Let m be v(u). Let l = m - -562. Is l composite?
False
Let i(j) = -52*j - 52*j + 80 - 145*j. Is i(-9) a composite number?
True
Suppose 38*r = 30*r - 3352. Let k = 814 + r. Is k prime?
False
Suppose x = -5*i + 1144135, -2*x - 150313 = -i + 78514. Is i composite?
True
Let z(j) = -23*j**3 - 2*j**2 - 5*j + 2. Let p(u) = 23*u**3 + u**2 + 7*u - 1. Let v(y) = -3*p(y) - 4*z(y). Is v(4) a composite number?
False
Let d(g) be the second derivative of g**4/12 + g**3/6 - 2*g**2 + 21*g. Let s be d(2). Suppose -2*i + 193 = r - 0*i, -s*i + 989 = 5*r. Is r a composite number?
False
Let q = 61 - 48. Suppose 0 = q*x + 10*x - 8671. Is x composite?
True
Is (-1045732)/(-10) - (9 + 44/(-5)) a prime number?
False
Suppose -2 = -37*d + 38*d. Let w be -4 - 4/8*d. Is ((-4328)/(-12))/((-2)/w) a prime number?
True
Suppose 65*k - 20181 = 95324. Is k prime?
True
Let s = -337 - -427. Is (-56909)/(-9) - ((-200)/s)/(-10) composite?
False
Suppose -2*h + 12664 = 5*d, 5056 = 3*d - d - 4*h. Suppose 2*p + p = d. Is (p/(-6))/(20/(-30)) a prime number?
True
Let l = -759 + 762. Let u = 0 - -2. Suppose u*i = 239 + l. Is i a prime number?
False
Suppose -3*h = -j - 79, 2*h + 11*j - 9*j - 42 = 0. Suppose 10 = -3*p + p. Is (1 + -212)/(p/h) a prime number?
False
Suppose 0*l + 5*l - v = 4274, 0 = -4*l + 5*v + 3436. Suppose 52*a - 8959 = 12413. Let u = l - a. Is u a prime number?
True
Let n be 11361 + (-2)/(1*(-6)/(-9)). Let i be (5/(-2))/((-9)/n). Suppose 6*k = 11*k - i. Is k prime?
True
Suppose -4*n + 72 - 64 = 0. Suppose 24 = -7*m + 3*m + 4*i, -n*m = 2*i + 32. Let u = 2963 - m. Is u prime?
False
Let b(a) = 3*a**2 + 38*a - 28. Let n be b(-16). Let t = n - 129. Is 1/(35/134140) + t/7 a composite number?
False
Let l = 863766 + -273437. Is l prime?
False
Suppose 2*p = -0*m - 5*m + 52793, -5*p + 42231 = 4*m. Is m a composite number?
False
Suppose -16*u - 29 = -18*u - 3*o, 0 = -3*o + 9. Suppose -9*w = u*w - 41059. Is w prime?
True
Let s(i) = -4*i**3 + 27*i**2 - 60*i - 210. Is s(-23) composite?
True
Is 97945 - (2/7 - 432/(-252)) prime?
True
Suppose 4*a - 2*u - 694356 = 0, 5*a + 5*u - 197415 = 670500. Is a a prime number?
False
Let v(h) = -h**2 + 2*h + 4. Suppose q - l = 6, 2*q + l + l = 4. Let c be v(q). Let o(i) = -3*i**3 + 7*i**2 - i - 1. Is o(c) a prime number?
True
Is -79 + 241391 - (5 + 16) a composite number?
False
Is 1037545*4251/(-2180)*(-4)/3 a prime number?
False
Let p = -594 + 1034. Let k = 1 + 4. Suppose 4*n = 2*d + 3650, -k*d - 486 = -n + p. Is n composite?
False
Let u(v) = 10*v**2 + 5*v - 11. Suppose 0 = -w + 2*s + 58 - 6, -161 = -3*w + s. Let b be w/10 - (-3)/5. Is u(b) a composite number?
False
Suppose 4*m + 183 = 71. Let w = m + 28. Is 1*(w - (1 - 88)) a prime number?
False
Suppose 83*r - 1049894 = 79*r + 10*q, 787335 = 3*r + 2*q. Is r a composite number?
True
Suppose 3 = 3*b + 30. Let m(q) = -q**3 + 4*q**2 - 3*q + 7. Is m(b) a composite number?
False
Suppose -20*w - 861626 - 78082274 = 0. Is (-4)/(-9) - w/441 a composite number?
False
Let p = -116575 - -233346. Is p a composite number?
True
Suppose -3*q - 67*j - 2598 = -72*j, j = -q - 858. Suppose -2*d + 3*r - 7561 = 0, 0*d - 3*d - 11342 = -4*r. Let p = q - d. Is p a prime number?
False
Is (100716 - -58) + 1*-5 composite?
False
Let d = 193 + -186. Suppose 3*f = -2*t + d*t + 1827, -4*t + 2468 = 4*f. Is f prime?
False
Let s(t) = 3*t**2 +